s the remainder when 1009 is divided by 34?
23
What is the remainder when 1235 is divided by 639?
596
What is the remainder when 23737 is divided by 2201?
1727
Calculate the remainder when 3368 is divided by 20.
8
Calculate the remainder when 699351 is divided by 27.
24
Calculate the remainder when 24930 is divided by 212.
126
What is the remainder when 40173 is divided by 93?
90
What is the remainder when 13912 is divided by 2300?
112
What is the remainder when 98915 is divided by 82?
23
Calculate the remainder when 517244 is divided by 43.
40
Calculate the remainder when 16839 is divided by 421.
420
What is the remainder when 15667 is divided by 249?
229
Calculate the remainder when 33773 is divided by 5.
3
Calculate the remainder when 299 is divided by 78.
65
Calculate the remainder when 85806 is divided by 62.
60
What is the remainder when 37166 is divided by 3376?
30
What is the remainder when 5349851 is divided by 1718?
1717
What is the remainder when 7922 is divided by 565?
12
Calculate the remainder when 581924 is divided by 31.
23
Calculate the remainder when 1734 is divided by 559.
57
What is the remainder when 20163 is divided by 71?
70
What is the remainder when 12339 is divided by 720?
99
What is the remainder when 22561 is divided by 135?
16
Calculate the remainder when 100268 is divided by 16.
12
What is the remainder when 239770 is divided by 54?
10
What is the remainder when 23039 is divided by 12?
11
Calculate the remainder when 24204 is divided by 12068.
68
What is the remainder when 648092 is divided by 27?
11
What is the remainder when 826 is divided by 274?
4
What is the remainder when 253 is divided by 126?
1
Calculate the remainder when 307609 is divided by 437.
398
Calculate the remainder when 824262 is divided by 117.
114
Calculate the remainder when 503437 is divided by 16.
13
Calculate the remainder when 215700 is divided by 4.
0
Calculate the remainder when 2792723 is divided by 12.
11
Calculate the remainder when 97374 is divided by 179.
177
Calculate the remainder when 64871 is divided by 2948.
15
What is the remainder when 733017 is divided by 143?
142
What is the remainder when 32253 is divided by 256?
253
What is the remainder when 18536 is divided by 50?
36
What is the remainder when 33871 is divided by 434?
19
What is the remainder when 265354 is divided by 7?
5
Calculate the remainder when 184460 is divided by 36.
32
Calculate the remainder when 487682 is divided by 1079.
1053
What is the remainder when 854833 is divided by 671?
650
What is the remainder when 48674 is divided by 266?
262
Calculate the remainder when 3202 is divided by 538.
512
Calculate the remainder when 18037 is divided by 186.
181
Calculate the remainder when 201 is divided by 177.
24
What is the remainder when 5614 is divided by 929?
40
Calculate the remainder when 310025 is divided by 179.
176
What is the remainder when 1558 is divided by 404?
346
Calculate the remainder when 105718 is divided by 105701.
17
Calculate the remainder when 14212 is divided by 355.
12
Calculate the remainder when 10941 is divided by 376.
37
What is the remainder when 182000 is divided by 37?
34
Calculate the remainder when 13763 is divided by 167.
69
Calculate the remainder when 2637 is divided by 1012.
613
What is the remainder when 38462 is divided by 38450?
12
What is the remainder when 71301 is divided by 7?
6
What is the remainder when 6938 is divided by 74?
56
What is the remainder when 91061 is divided by 15?
11
What is the remainder when 15138 is divided by 54?
18
What is the remainder when 673 is divided by 71?
34
What is the remainder when 23122 is divided by 106?
14
What is the remainder when 2961 is divided by 196?
21
Calculate the remainder when 1237 is divided by 7.
5
What is the remainder when 9798 is divided by 29?
25
Calculate the remainder when 146398 is divided by 200.
198
What is the remainder when 3121 is divided by 14?
13
Calculate the remainder when 7843 is divided by 3909.
25
Calculate the remainder when 473994 is divided by 237.
231
Calculate the remainder when 27087 is divided by 24.
15
Calculate the remainder when 18902 is divided by 6065.
707
What is the remainder when 9291 is divided by 928?
11
What is the remainder when 166182 is divided by 15107?
5
Calculate the remainder when 28724 is divided by 271.
269
What is the remainder when 62959 is divided by 16?
15
Calculate the remainder when 38576 is divided by 49.
13
Calculate the remainder when 10603 is divided by 2272.
1515
Calculate the remainder when 1091 is divided by 205.
66
Calculate the remainder when 103609 is divided by 394.
381
What is the remainder when 636936 is divided by 773?
757
Calculate the remainder when 76027 is divided by 42.
7
Calculate the remainder when 19803 is divided by 450.
3
Calculate the remainder when 235630 is divided by 11.
10
Calculate the remainder when 7441 is divided by 7231.
210
Calculate the remainder when 311 is divided by 15.
11
Calculate the remainder when 1263863 is divided by 8.
7
Calculate the remainder when 1669 is divided by 337.
321
Calculate the remainder when 88313 is divided by 365.
348
What is the remainder when 144836 is divided by 63?
62
Calculate the remainder when 226 is divided by 196.
30
What is the remainder when 768441 is divided by 17464?
25
What is the remainder when 304 is divided by 11?
7
What is the remainder when 9939 is divided by 1240?
19
Calculate the remainder when 4629 is divided by 149.
10
What is the remainder when 70945 is divided by 35471?
3
Calculate the remainder when 642 is divided by 563.
79
What is the remainder when 648 is divided by 309?
30
What is the remainder when 3810 is divided by 951?
6
Calculate the remainder when 43576 is divided by 8705.
51
Calculate the remainder when 62103 is divided by 3880.
23
What is the remainder when 13292 is divided by 944?
76
What is the remainder when 2631793 is divided by 234?
229
Calculate the remainder when 119624 is divided by 45.
14
Calculate the remainder when 3687 is divided by 142.
137
What is the remainder when 756145 is divided by 124?
117
Calculate the remainder when 30955 is divided by 397.
386
Calculate the remainder when 13749 is divided by 13735.
14
Calculate the remainder when 9646 is divided by 388.
334
Calculate the remainder when 18896 is divided by 461.
456
Calculate the remainder when 474 is divided by 18.
6
Calculate the remainder when 34135 is divided by 1515.
805
What is the remainder when 264491 is divided by 412?
399
Calculate the remainder when 5543 is divided by 1113.
1091
Calculate the remainder when 3532 is divided by 107.
1
Calculate the remainder when 10347 is divided by 225.
222
Calculate the remainder when 1139 is divided by 109.
49
What is the remainder when 6003190 is divided by 312?
310
Calculate the remainder when 1491 is divided by 224.
147
What is the remainder when 1674 is divided by 288?
234
What is the remainder when 2172 is divided by 15?
12
Calculate the remainder when 69117 is divided by 69087.
30
Calculate the remainder when 8654 is divided by 2161.
10
What is the remainder when 19049 is divided by 44?
41
What is the remainder when 73447 is divided by 12221?
121
What is the remainder when 2056 is divided by 342?
4
What is the remainder when 10213 is divided by 1259?
141
Calculate the remainder when 45143 is divided by 209.
208
Calculate the remainder when 3218 is divided by 764.
162
What is the remainder when 40013 is divided by 6667?
11
Calculate the remainder when 4198 is divided by 55.
18
What is the remainder when 21233 is divided by 6?
5
What is the remainder when 3047 is divided by 606?
17
Calculate the remainder when 23043 is divided by 7649.
96
Calculate the remainder when 1985 is divided by 257.
186
What is the remainder when 30479 is divided by 1686?
131
Calculate the remainder when 33730 is divided by 482.
472
Calculate the remainder when 116231 is divided by 41.
37
Calculate the remainder when 2711 is divided by 1351.
9
Calculate the remainder when 1684 is divided by 91.
46
Calculate the remainder when 2064 is divided by 46.
40
Calculate the remainder when 119326 is divided by 11932.
6
What is the remainder when 2183 is divided by 58?
37
Calculate the remainder when 38773 is divided by 296.
293
Calcula